What is the hundreds digit of ((-26)/39)/(2/(-444))?
1
Let r = 374 - 38. Suppose -d + y = r, -4*y - 19 + 3 = 0. What is the tens digit of d/(-6) - 8/12?
5
Suppose -2*s - 288 = -8*s. Let q = s + 6. What is the tens digit of q?
5
Let l(a) = -a - 1. Let m be l(-3). Suppose 2*s - 167 = -2*g - 3*g, -m*g = -s + 61. What is the tens digit of s?
7
Let c(n) = -n**3 - 21 - n**2 + 69 - 25 - 14*n - 28. What is the hundreds digit of c(-5)?
1
Let d(o) = -o**3 + 9*o**2 - 13. Let g be d(9). Let a be g/(-4) + 27/36. Suppose 2*x = r - a*r + 34, -2*x - 2 = 0. What is the tens digit of r?
1
What is the thousands digit of (-2)/(-4) + -11 + 16482/12?
1
What is the units digit of 7 - 2 - (-9 - (-4 + -4))?
6
Suppose 4*n - 1925 = -3*y, -5*y + 9 = -5*n + 2389. What is the hundreds digit of n?
4
Let g = -1372 - -3199. What is the tens digit of g?
2
Let t(b) = 4*b - 48. Let i be t(13). Suppose -1640 = -6*s - i*s. What is the units digit of s?
4
Let h be ((-244)/(-20) + -5)/((-4)/(-190)). Suppose -2*k = -3*y + 2*y - h, 2*k - 344 = 2*y. What is the units digit of k?
0
Let x be 278/10 - 1/(-5). Suppose 2*b + 12 = -x. Let y = b - -23. What is the units digit of y?
3
Suppose -9*y - 39*y = -61968. What is the hundreds digit of y?
2
Let u(x) = 80*x**2 - 14*x + 25. What is the hundreds digit of u(2)?
3
What is the units digit of 2/((-5138)/(-13104) + (-3)/8)?
7
Let z = -824 + 1204. What is the hundreds digit of z?
3
Suppose 50*a - 29400 = -0*a. What is the tens digit of a?
8
Suppose -2*q + 6 = -0*q. Suppose 5*f + a - 103 = -a, q*a + 3 = 0. What is the tens digit of f?
2
Let a(v) = -v + 3. Let f be a(0). Suppose -4*l = -4*i - 9*l + 477, 329 = f*i - 2*l. What is the tens digit of i?
1
Let o be -2 + 4/3*3. Suppose 6*h = h + c + 270, h = -o*c + 43. Let j = h + -30. What is the units digit of j?
3
Let k(l) = -l - 13. Suppose -7 = t - y, 3*t - 2*y = -t - 32. Let s be k(t). Let n(x) = -6*x + 2. What is the units digit of n(s)?
6
Suppose -13 = -2*p - 7. Suppose 4*x + s - 296 = p*x, 0 = -s + 4. What is the tens digit of x?
9
Let o = 116 - -12. What is the hundreds digit of o?
1
Let r(q) = 68*q - 14. Let p(l) = -34*l + 7. Let z(m) = -9*p(m) - 4*r(m). What is the tens digit of z(2)?
6
Suppose -18*l + 16*l + 4 = 0. Suppose 27 = -3*z + 69. Suppose -2*d = l*o - 34, -d - o + z = o. What is the tens digit of d?
2
Suppose 3*m + 2 = 38. What is the hundreds digit of 1/(9/78)*m?
1
Let w(k) = 2*k**3 + 12*k**2 - 16*k - 14. Let v be w(-7). Suppose v = -5*p + 4*n + 355 - 7, 3*p = 4*n + 212. What is the units digit of p?
8
What is the hundreds digit of (-6)/(-12) + (-19864)/(-16)?
2
Let v be 291/7 + (-9)/(-21). Suppose -u - 2*d - 7 = -21, -v = -5*u + 4*d. Let w = u - -2. What is the tens digit of w?
1
Suppose -16*v + 13*v + 1030 = w, 4*v - 1360 = 2*w. What is the units digit of v?
2
Suppose 0 = 14*j - 5436 - 8634. What is the tens digit of ((-4)/(-6))/((-3013)/j + 3)?
3
Let p(v) = -v**3 - 6*v**2 - 8*v + 3. Let i be p(-4). Suppose 0 = i*s + 2*o - 552, 919 = 4*s - 2*o + 197. What is the units digit of s?
2
What is the hundreds digit of (33/22)/((-21)/(-17402))?
2
Let z = -102 + 236. What is the units digit of z?
4
Suppose 0 = 13*x - 1857 - 12781. What is the units digit of x?
6
Let t = 516 - 492. What is the units digit of t?
4
Let f(u) = 2*u**2 + 533. What is the hundreds digit of f(0)?
5
Suppose 4*g + 6184 = 5*j, -g - 5 = -9. What is the units digit of j?
0
Suppose 0 = -3*p - b + 11244, 7479 = 4*p - 2*b - 7523. What is the units digit of p?
9
Let l be (-53)/(-5) + (-3)/5. Let d be (-4)/18 + l/45. Suppose k + d = 1, -3*p + 41 = 2*k. What is the units digit of p?
3
Let y(o) = o**3 + 13*o**2 - 29*o + 4. What is the tens digit of y(5)?
0
Suppose -q + 0*d - 5*d = 7, 0 = -q + d + 5. Suppose -522 = 2*f - 5*f + t, 0 = -q*f - 3*t + 534. What is the hundreds digit of f?
1
Suppose 39*d = 16*d + 1886. Let k = d - -35. What is the tens digit of k?
1
Let k(l) = 68*l**2 - l + 4. What is the units digit of k(-2)?
8
Let i be (-18)/(-63) - 934/(-14). Let y = 16 + -9. Suppose y*s + i = 431. What is the tens digit of s?
5
Let n = 569 - 307. What is the hundreds digit of n?
2
Let z be -6*(-1)/((-6)/(-15)). Let i = 6 + z. What is the units digit of i?
1
Let f(v) be the second derivative of -3*v**2 + 1/6*v**4 - v**3 + 0 + 2*v. What is the tens digit of f(-5)?
7
Let r(i) = -i**3 - i**2 - i. Let k be r(-2). Let y(o) = 4*o**2 + 7*o - 14. What is the units digit of y(k)?
2
Let g = 0 + 3. Suppose -2*d - d - g = 0. Let u = d - -31. What is the units digit of u?
0
Suppose w - 7 = -5. Suppose w*r = 107 + 27. What is the units digit of r?
7
Suppose -312 = 5*y - w, 2*w - 210 + 20 = 3*y. Suppose -d + 10 = 4*d, -3*r + 3*d = 3. Let u = r - y. What is the tens digit of u?
6
Let q(d) = 81*d + 42. What is the units digit of q(17)?
9
Let l be -5 + (-2 - 3 - -6). Suppose 2*n = -5*k + 11, 6*n - n = 5*k - 25. What is the tens digit of (6/l)/(n/20)?
1
Let k = 7159 + -2850. What is the thousands digit of k?
4
Suppose 3*p = 5*j + 4*p - 2170, 0 = -3*j - 4*p + 1302. What is the tens digit of j?
3
What is the units digit of (-1 - -2) + 1127 + 6 + 0?
4
Suppose 0 = y + 10 - 18. What is the units digit of y?
8
Let k = -100 - -111. Suppose 4*v - 3225 = -k*v. What is the hundreds digit of v?
2
Suppose 0 = -4*b + 3060 + 512. What is the tens digit of b?
9
Let h(c) = c**3 - 5*c**2 - 7*c - 8. Let o be h(7). Suppose 5 = -2*f + o. What is the units digit of f?
8
Let k = -1897 - -2853. What is the hundreds digit of k?
9
Let y = 3 - -1. Suppose k - 3*k = y*t - 10, 3*t - 3*k - 12 = 0. Suppose 0 = -t*j + 51 + 111. What is the tens digit of j?
5
Let d(u) be the third derivative of -u**6/120 + 3*u**5/20 + 35*u**4/24 + 7*u**3/6 - 18*u**2. What is the units digit of d(11)?
0
Let f(a) = -a - a + 2*a + 4*a - 12. Let w(s) = 7*s - 24. Let y(c) = 5*f(c) - 2*w(c). What is the tens digit of y(13)?
6
Let i(o) be the third derivative of -o**5/60 - 3*o**4/8 + 7*o**3/3 + o**2. Let j = 82 + -92. What is the units digit of i(j)?
4
Suppose 6 = 3*k + 2*a, 5*a = a + 12. Let i(t) = -30*t. Let q be i(-1). Suppose k + q = f. What is the tens digit of f?
3
Let a = 65 + -63. Suppose -a*t + 42 = -70. What is the units digit of t?
6
Suppose 30*d = 44*d - 50694. What is the units digit of d?
1
Let h = 81 - 76. Suppose 274 = h*l - 416. What is the units digit of l?
8
Let h = 3722 + -1310. What is the tens digit of h?
1
Let f(w) = w**2 + 13*w + 19. What is the tens digit of f(-34)?
3
Let c = 1098 - 663. What is the hundreds digit of c?
4
Let y(i) = 3*i**2 - i - 6. Let l be y(2). Suppose 0 = -0*x + 2*x - l*z - 310, -3*z - 159 = -x. What is the units digit of x?
7
Suppose 0 = -6*f + 2*f - 8, -4*v + 4*f = -44. Suppose v*i + 90 = 14*i. What is the units digit of i?
8
Let n(q) = 164*q**2 - 12*q + 42. What is the tens digit of n(3)?
8
Suppose 2*k = -4*q + 198, 0 = k - 0*q - q - 102. Let w = k + -85. What is the units digit of w?
6
Let g = 8 - 17. Let u(d) = 5*d**3 + 8*d**2 - 7*d + 3. Let y(m) = -6*m**3 - 8*m**2 + 8*m - 2. Let l(v) = -5*u(v) - 4*y(v). What is the units digit of l(g)?
7
Let r be (-526)/(-6) + 5/15. Suppose j - r = -0*j. What is the units digit of j?
8
Suppose -156*p + 148*p = -4760. What is the units digit of p?
5
Let s be (3 - 2*(-3)/(-2))/(-1). Suppose 4*y - 1117 + 317 = s. What is the hundreds digit of y?
2
Let b be 8*(15/(-4) + 4). Suppose 4*c - 150 = b*w + 34, 3*c + 2*w = 145. Let x = -25 + c. What is the units digit of x?
2
Suppose -2*f + 3*q = 98 - 13, 2*f = 2*q - 82. Let m = -16 - f. Suppose 0*k + 5*j - 20 = -k, j + m = 5*k. What is the units digit of k?
5
Suppose 5*k + 12 + 8 = 0, 2*u - k = 12. Suppose u = -x, c + 4*c + 4*x + 1 = 0. Suppose -c*r = 2*h - 53, 2*r = -2*r + 4. What is the units digit of h?
5
Let l(z) = 3*z**2 + 8*z - 16. Let u be l(-7). Suppose w + 4*i = -i + 83, 3*i = -w + u. What is the tens digit of w?
6
Suppose 60239 + 2509 = 54*d. What is the tens digit of d?
6
Let k = -208 - -363. Suppose 3*h = -2*l + 5, -4*h - 11 = -5*l + 13. Suppose l*z = -z + k. What is the units digit of z?
1
What is the hundreds digit of (8 + -9)/((3/(-1))/1122)?
3
Suppose 18 = 2*k - 5*x, 4*k = -4*x + 50 + 14. Let i = k - 9. Suppose -43 = -i*r + 77. What is the units digit of r?
4
Let m(r) be the third derivative of r**5/60 - r**4/6 - 31*r**3/6 + 3*r**2. What is the tens digit of 